{"id":76,"date":"2023-06-23T10:09:22","date_gmt":"2023-06-23T08:09:22","guid":{"rendered":"https:\/\/normandie.medecinsdumonde.org\/?page_id=76"},"modified":"2023-07-10T09:08:59","modified_gmt":"2023-07-10T07:08:59","slug":"ressources-en-ligne","status":"publish","type":"page","link":"https:\/\/normandie.medecinsdumonde.org\/index.php\/ressources-en-ligne\/","title":{"rendered":"Ressources en ligne"},"content":{"rendered":"\n<p class=\"has-text-color\" style=\"color:#013b5c\">Beaucoup de ressources sont mises \u00e0 disposition des b\u00e9n\u00e9voles pour les accompagner dans leur b\u00e9n\u00e9volat et leur engagement<\/p>\n\n\n\n<ul class=\"has-white-color has-luminous-vivid-orange-background-color has-text-color has-background wp-block-list\">\n<li><a href=\"https:\/\/mdm1.sharepoint.com\/sites\/intra-drh\/SitePages\/PVA.aspx\"><mark style=\"background-color:rgba(0, 0, 0, 0)\" class=\"has-inline-color has-white-color\">Intranet du p\u00f4le vie associative<\/mark><\/a><\/li>\n<\/ul>\n\n\n\n<figure class=\"wp-block-image size-full is-resized\"><img loading=\"lazy\" decoding=\"async\" src=\"https:\/\/normandie.medecinsdumonde.org\/wp-content\/uploads\/2023\/06\/PVA.jpg\" alt=\"\" class=\"wp-image-200\" width=\"441\" height=\"48\" srcset=\"https:\/\/normandie.medecinsdumonde.org\/wp-content\/uploads\/2023\/06\/PVA.jpg 588w, https:\/\/normandie.medecinsdumonde.org\/wp-content\/uploads\/2023\/06\/PVA-300x33.jpg 300w\" sizes=\"auto, (max-width: 441px) 100vw, 441px\" \/><\/figure>\n\n\n\n<div style=\"height:100px\" aria-hidden=\"true\" class=\"wp-block-spacer\"><\/div>\n\n\n\n<ul class=\"has-luminous-vivid-orange-background-color has-text-color has-background wp-block-list\" style=\"color:#230f5e\">\n<li><a href=\"https:\/\/mdm1.sharepoint.com\/sites\/intra-benevoles\"><mark style=\"background-color:rgba(0, 0, 0, 0)\" class=\"has-inline-color has-white-color\">Intranet Espace B\u00e9n\u00e9voles<\/mark><\/a><\/li>\n<\/ul>\n\n\n\n<figure class=\"wp-block-image size-full is-resized\"><img loading=\"lazy\" decoding=\"async\" src=\"https:\/\/normandie.medecinsdumonde.org\/wp-content\/uploads\/2023\/06\/intranet_benevoles.jpg\" alt=\"\" class=\"wp-image-201\" width=\"305\" height=\"62\" srcset=\"https:\/\/normandie.medecinsdumonde.org\/wp-content\/uploads\/2023\/06\/intranet_benevoles.jpg 407w, https:\/\/normandie.medecinsdumonde.org\/wp-content\/uploads\/2023\/06\/intranet_benevoles-300x60.jpg 300w\" sizes=\"auto, (max-width: 305px) 100vw, 305px\" \/><\/figure>\n\n\n\n<div style=\"height:100px\" aria-hidden=\"true\" class=\"wp-block-spacer\"><\/div>\n\n\n\n<ul class=\"has-luminous-vivid-orange-background-color has-text-color has-background wp-block-list\" style=\"color:#230f5e\">\n<li><a href=\"https:\/\/laboussole.medecinsdumonde.org\/\"><mark style=\"background-color:rgba(0, 0, 0, 0)\" class=\"has-inline-color has-white-color\">La Boussole<\/mark><\/a><\/li>\n<\/ul>\n\n\n\n<figure class=\"wp-block-image size-full is-resized\"><img loading=\"lazy\" decoding=\"async\" src=\"https:\/\/normandie.medecinsdumonde.org\/wp-content\/uploads\/2023\/06\/boussole.jpg\" alt=\"\" class=\"wp-image-202\" width=\"403\" height=\"71\" srcset=\"https:\/\/normandie.medecinsdumonde.org\/wp-content\/uploads\/2023\/06\/boussole.jpg 537w, https:\/\/normandie.medecinsdumonde.org\/wp-content\/uploads\/2023\/06\/boussole-300x53.jpg 300w\" sizes=\"auto, (max-width: 403px) 100vw, 403px\" \/><\/figure>\n","protected":false},"excerpt":{"rendered":"<p>Beaucoup de ressources sont mises \u00e0 disposition des b\u00e9n\u00e9voles pour les accompagner dans leur b\u00e9n\u00e9volat et leur engagement<\/p>\n","protected":false},"author":1,"featured_media":203,"parent":0,"menu_order":0,"comment_status":"closed","ping_status":"closed","template":"","meta":{"footnotes":""},"class_list":["post-76","page","type-page","status-publish","has-post-thumbnail","hentry"],"_links":{"self":[{"href":"https:\/\/normandie.medecinsdumonde.org\/index.php\/wp-json\/wp\/v2\/pages\/76","targetHints":{"allow":["GET"]}}],"collection":[{"href":"https:\/\/normandie.medecinsdumonde.org\/index.php\/wp-json\/wp\/v2\/pages"}],"about":[{"href":"https:\/\/normandie.medecinsdumonde.org\/index.php\/wp-json\/wp\/v2\/types\/page"}],"author":[{"embeddable":true,"href":"https:\/\/normandie.medecinsdumonde.org\/index.php\/wp-json\/wp\/v2\/users\/1"}],"replies":[{"embeddable":true,"href":"https:\/\/normandie.medecinsdumonde.org\/index.php\/wp-json\/wp\/v2\/comments?post=76"}],"version-history":[{"count":9,"href":"https:\/\/normandie.medecinsdumonde.org\/index.php\/wp-json\/wp\/v2\/pages\/76\/revisions"}],"predecessor-version":[{"id":487,"href":"https:\/\/normandie.medecinsdumonde.org\/index.php\/wp-json\/wp\/v2\/pages\/76\/revisions\/487"}],"wp:featuredmedia":[{"embeddable":true,"href":"https:\/\/normandie.medecinsdumonde.org\/index.php\/wp-json\/wp\/v2\/media\/203"}],"wp:attachment":[{"href":"https:\/\/normandie.medecinsdumonde.org\/index.php\/wp-json\/wp\/v2\/media?parent=76"}],"curies":[{"name":"wp","href":"https:\/\/api.w.org\/{rel}","templated":true}]}}