{"id":107,"date":"2023-06-30T14:20:46","date_gmt":"2023-06-30T12:20:46","guid":{"rendered":"https:\/\/normandie.medecinsdumonde.org\/?page_id=107"},"modified":"2023-06-30T14:55:44","modified_gmt":"2023-06-30T12:55:44","slug":"mentions-legales-qui-sommes-nous","status":"publish","type":"page","link":"https:\/\/normandie.medecinsdumonde.org\/index.php\/mentions-legales-qui-sommes-nous\/","title":{"rendered":"Mentions l\u00e9gales\/Qui sommes nous ?"},"content":{"rendered":"\n<p class=\"has-text-color\" style=\"color:#013b5c\"><strong>\u00ab\u00a0Normands du Monde\u00a0\u00bb est le magazine num\u00e9rique de la D\u00e9l\u00e9gation Normandie de M\u00e9decins du monde<\/strong><\/p>\n\n\n\n<p class=\"has-text-color\" style=\"color:#013b5c\">Comit\u00e9 \u00e9ditorial&nbsp;: Yamina Boukile &#8211; Dominique Dumand &#8211; Fanette Hoinville &#8211; Fran\u00e7oise Houet &#8211; Pascal Lissot &#8211; Marine Louvigny &#8211; Bernard Vigier<\/p>\n\n\n\n<p class=\"has-text-color\" style=\"color:#013b5c\"><br>D\u00e9veloppement&nbsp;: PLC&nbsp; <a href=\"http:\/\/www.plc.fr\/\">www.plc.fr<\/a><\/p>\n\n\n\n<p class=\"has-text-color\" style=\"color:#013b5c\"><strong>Vos donn\u00e9es personnelles<br><\/strong><\/p>\n\n\n\n<p class=\"has-text-color\" style=\"color:#013b5c\"><strong>Normands du Monde n\u2019utilise aucun cookies<\/strong><\/p>\n\n\n\n<p class=\"has-text-color\" style=\"color:#013b5c\">Aucune donn\u00e9e personnelle n\u2019est collect\u00e9e \u00e0 l\u2019insu des visiteurs du site.<\/p>\n\n\n\n<p class=\"has-text-color\" style=\"color:#013b5c\"><strong>Propri\u00e9t\u00e9 intellectuelle<\/strong><\/p>\n\n\n\n<p class=\"has-text-color\" style=\"color:#013b5c\">L\u2019ensemble du site ainsi que les textes et illustrations qui le composent, notamment graphiques, photographiques et multim\u00e9dia sont la propri\u00e9t\u00e9 de M\u00e9decins du Monde ou sont utilis\u00e9s par M\u00e9decins du Monde avec l\u2019accord des titulaires des droits d\u2019auteur ou du droit sur les marques. A ce titre, ils sont prot\u00e9g\u00e9s par la l\u00e9gislation fran\u00e7aise, communautaire et internationale sur le droit de la propri\u00e9t\u00e9 intellectuelle. En aucun cas, il n\u2019est autoris\u00e9 de reproduire, de modifier, utiliser, r\u00e9utiliser le contenu du site \u00e0 des fins publiques ou commerciales, y compris les textes, images, supports sauf si M\u00e9decins du Monde a donn\u00e9 son accord pr\u00e9alable \u00e9crit.<\/p>\n","protected":false},"excerpt":{"rendered":"<p>\u00ab\u00a0Normands du Monde\u00a0\u00bb est le magazine num\u00e9rique de la D\u00e9l\u00e9gation Normandie de M\u00e9decins du monde Comit\u00e9 \u00e9ditorial&nbsp;: Yamina Boukile &#8211; Dominique Dumand &#8211; Fanette Hoinville &#8211; Fran\u00e7oise Houet &#8211; Pascal Lissot &#8211; Marine Louvigny &#8211; Bernard Vigier D\u00e9veloppement&nbsp;: PLC&nbsp; www.plc.fr&#8230;<\/p>\n","protected":false},"author":2,"featured_media":0,"parent":0,"menu_order":0,"comment_status":"closed","ping_status":"closed","template":"","meta":{"footnotes":""},"class_list":["post-107","page","type-page","status-publish","hentry"],"_links":{"self":[{"href":"https:\/\/normandie.medecinsdumonde.org\/index.php\/wp-json\/wp\/v2\/pages\/107","targetHints":{"allow":["GET"]}}],"collection":[{"href":"https:\/\/normandie.medecinsdumonde.org\/index.php\/wp-json\/wp\/v2\/pages"}],"about":[{"href":"https:\/\/normandie.medecinsdumonde.org\/index.php\/wp-json\/wp\/v2\/types\/page"}],"author":[{"embeddable":true,"href":"https:\/\/normandie.medecinsdumonde.org\/index.php\/wp-json\/wp\/v2\/users\/2"}],"replies":[{"embeddable":true,"href":"https:\/\/normandie.medecinsdumonde.org\/index.php\/wp-json\/wp\/v2\/comments?post=107"}],"version-history":[{"count":3,"href":"https:\/\/normandie.medecinsdumonde.org\/index.php\/wp-json\/wp\/v2\/pages\/107\/revisions"}],"predecessor-version":[{"id":119,"href":"https:\/\/normandie.medecinsdumonde.org\/index.php\/wp-json\/wp\/v2\/pages\/107\/revisions\/119"}],"wp:attachment":[{"href":"https:\/\/normandie.medecinsdumonde.org\/index.php\/wp-json\/wp\/v2\/media?parent=107"}],"curies":[{"name":"wp","href":"https:\/\/api.w.org\/{rel}","templated":true}]}}